= -5*y + 4. Let k(d) = -4*h(d) + 5*p(d). Let r = 2181 - 2174. What is k(r)?
-3
Let k(x) = x**2 - 3*x + 5. Let a(z) = 1. Let d be -3 + ((-8)/4 - -5). Suppose 4*p + d*p = -5*j + 36, 4*p = -2*j + 24. Let l(s) = p*a(s) - k(s). Give l(2).
1
Let w be (-2 + 5 - -7)/(-2) + 8. Let k(j) = j**3 - 2*j. Calculate k(w).
21
Let a(j) = -j**3 - j**2 - 3*j + 1. Let g(w) = 5*w**3 - w**2 + 17*w - 8. Let q(y) = 4*a(y) + g(y). What is q(4)?
0
Let l(k) = -16*k**3 + 31*k**2 + 31*k + 21. Let j(i) = -3*i**3 + 6*i**2 + 6*i + 4. Let h(g) = 11*j(g) - 2*l(g). Let b be (-90)/135 - 34/(-6). Calculate h(b).
-3
Let h = -1832 - -1835. Let i(y) = y**3 - 4*y**2 + 2*y - 2. Calculate i(h).
-5
Let w = -3 - 0. Let s be w/(-2)*(-24)/(-18). Suppose 5*a - s = 28. Let b(z) = z**3 - 7*z**2 + 6*z. Give b(a).
0
Let q(c) = -c**3 + 10*c**2 - 11*c + 5. Suppose -t - 6 + 15 = 0. Give q(t).
-13
Let p(k) = 21*k - 70. Let z be p(3). Let u(y) = -y - 1. What is u(z)?
6
Let s(x) = -3*x - 22. Let v be s(-7). Let t(h) = h**2 - 8*h - 2. Let c(u) = -1. Let j(l) = v*t(l) - 5*c(l). Give j(9).
-2
Let v(n) = n**2 + 6*n - 4. Let a = 10 + -6. Suppose w + 2*r + 6 = 0, -32 + 8 = a*w + 3*r. Give v(w).
-4
Let v(t) = 5*t**2 - t - 55. Let m(g) = 6*g**2 - g - 56. Let z(c) = -4*m(c) + 5*v(c). Calculate z(-7).
5
Let x(s) = 3*s**2 + 7*s + 7. Let t be x(-2). Let j(n) = n**2 - 5*n + 2. What is j(t)?
2
Let i(k) be the third derivative of k**6/120 - k**5/15 + k**3/3 - 5*k**2. Let o be i(4). Let h(u) = -3*u**2 + u**o - u**3 + u**2. What is h(-2)?
4
Let t(u) = -1. Let c(b) = b**2 - 6*b - 5. Let o(d) = -c(d) + 6*t(d). Let p(i) = -i**2 + 5*i - 1. Let j(h) = 3*o(h) - 4*p(h). Give j(1).
0
Let w(k) = -k**3 - 6*k**2 + 2*k + 1. Suppose -54 = -111*m + 120*m. Calculate w(m).
-11
Let a(h) = 13 + 3*h**2 - 2*h**2 + 0*h**2. Let j = -2105 - -2105. Calculate a(j).
13
Let w(q) = -q**2 + 5*q. Let j be w(4). Let u(r) = 39*r**3 - r**3 + 2*r - 4*r**2 - 37*r**3 - 2*r + 3. Give u(j).
3
Let d(b) = -b**2 - 6*b + 8. Let i be d(-8). Let l be 58/18 + i/36. Let c(v) = -2. Let m(u) = -u + 3. Let p(o) = -3*c(o) - 2*m(o). Calculate p(l).
6
Let d(x) be the first derivative of -2*x - 1/3*x**3 + x**2 - 10. Determine d(2).
-2
Let b(y) = -y**2 + y - 1. Let z(w) = -4*w**2 - 3*w - 1. Let r = -47 - -48. Let c(k) = r*z(k) - 3*b(k). What is c(-6)?
2
Let z be (-1)/3 - 16/24. Let q(b) = -7*b - 19. Let i(m) = -6*m - 16. Let a(s) = 6*i(s) - 5*q(s). Determine a(z).
0
Let y(r) = 5*r + 15. Let i(z) = -13*z - 39. Let w(p) = -3*i(p) - 8*y(p). Let m(u) = u + 4. Let n be m(-6). What is w(n)?
-1
Let a(w) be the second derivative of -w**4/4 - w**3/2 - w**2/2 + 2*w. Suppose 0 = 4*d - 7*d + 6. Suppose d = -3*t - 4. Give a(t).
-7
Let q(x) = 1 + 6*x + 1 - 8*x**2 + 4*x**3 + 5*x - 14*x**3 + 11*x**3. What is q(6)?
-4
Let y(b) = -b**2 - 11*b + 20. Let a be y(-11). Let m(z) = 13*z - a*z + 6*z - 6. What is m(-9)?
3
Let q be (-4)/(-12) - (-5)/3. Let f(w) = -w**2 + 7*w + 7. Let z be f(8). Let b(d) = -d**2 + 1. Let j(c) = 5*c**2 - 4. Let i(x) = z*j(x) - 6*b(x). What is i(q)?
2
Suppose -3 = 5*b - l + 4*l, 7 = -b + l. Let f = 15 - 20. Let g(h) = -3*h**2 - h + 5. Let u(y) = -7*y**2 - 2*y + 11. Let m(n) = f*g(n) + 2*u(n). Calculate m(b).
3
Let k be (0 - -2)/2 - -29. Suppose -3*a = 2*a - k. Suppose 3*z + a = 5*d - 1, 0 = d - 2. Let r(u) = 2*u**2 - u. Determine r(z).
1
Let i(g) = -2*g**3 + 18*g**2 + 5*g - 5. Let c be i(9). Let v = -37 + c. Let k(u) = 2*u**2 + u. What is k(v)?
21
Let d(x) = -33*x + 3 + 4 - 6 + 62*x - 30*x. Give d(-4).
5
Let m(j) = -83*j**2 + 37*j**2 + 5*j + 39*j**2 - 2*j - 2. Calculate m(1).
-6
Let p(l) = 2*l**2 - 15*l - 13. Let a(h) = 3*h**2 - 16*h - 15. Let w(n) = 3*a(n) - 4*p(n). Calculate w(-7).
-28
Let w(z) = -z**2 - 28*z - 188. Let u be w(-16). Let y(m) be the first derivative of u*m**2 + 1/3*m**3 + 6 + 6*m. What is y(-6)?
-6
Let x(p) be the third derivative of p**4/8 - p**3/6 - 11*p**2. What is x(1)?
2
Let r be 0 - (-4)/((-12)/141). Let p = r - -43. Let c(m) = m + 2. What is c(p)?
-2
Let a(q) be the third derivative of -q**5/60 + q**4/6 - 2*q**3/3 - 3*q**2. Suppose -4*t - 2*h = -20, 4*h = 5*t - 3*t. Give a(t).
-4
Let b(x) be the first derivative of -8*x - 2*x**2 - 2*x**3 + 12 - 1/4*x**4. What is b(-6)?
16
Let d(m) = m**3 + 5*m**2 - 4*m + 3. Let h(y) = 5*y - 43. Let w be h(10). Suppose -x + 4*b = 6, -2*b = x - 1 + w. What is d(x)?
-9
Let q = 45 - 39. Let y(n) = n - 3*n - q - 1. What is y(-8)?
9
Suppose 3 = -3*p + 4*p. Suppose p*b + 0 - 6 = 0. Let o(v) = 0*v**3 - 4*v + 10 + v**3 - 4*v**b - 7. What is o(5)?
8
Let v be (19/(-3) - -5)*3/(-2). Suppose s = q + 4, v*s - 7*s - 5*q = 0. Let u(h) be the third derivative of -h**5/20 + h**4/8 - h**3/3 - h**2. Determine u(s).
-8
Let j(k) = k - 20. Suppose 18*l - 4*l = 196. Let f = 23 - l. Give j(f).
-11
Let s(v) = 6*v**2 + 12*v - 11 - 5 + 7 + 5 + 5. Calculate s(-2).
1
Suppose 2*f = -d + 19, -4*d = -4*f + 6 + 14. Suppose f = -4*y + 2*a - 12, 5*a + 34 = -4*y. Let p(w) = -w**2 - 5*w + 1. What is p(y)?
-5
Let n = -173 - -169. Let u(k) = -k**3 + k**2. Let h(q) = 3*q**3 - 5*q - 1. Let v(g) = -h(g) - 2*u(g). Give v(n).
13
Let x be 1/((-1)/(-5 - -10)). Let j(i) = -i**3 - 11*i**2 - 6*i - 8. Let a = 6 + -5. Let p(z) = -z**2 - 1. Let b(g) = a*j(g) - 5*p(g). What is b(x)?
2
Let z(d) = 2*d - 3 + 13*d**2 - 5*d**2 - 4*d**3 + 3*d**3. Let b be z(8). Let s(i) = -3*i + 31. Let x be s(b). Let m(y) = y**2 + 8*y - 3. Give m(x).
-3
Let o(l) = l**2 - 7*l - 12. Let u be ((-2 - 0) + -3)*-1. Let i be ((-1)/(-2))/(u/90). Let n be o(i). Let p(k) = k - 8. Give p(n).
-2
Let r(t) = t + 1. Let g(q) = -q. Let p(s) = s - 1. Let d(y) = 7*g(y) + 4*p(y). Let w(a) = -d(a) - 4*r(a). Let i = 95 + -92. Calculate w(i).
-3
Let n(p) = p**3 - 4*p**2 + p + 10. Let g = 1624 + -1621. Determine n(g).
4
Let p = 146 + -121. Let h(g) = 4 + 14*g**3 + 10*g**3 - 3*g**2 + 0*g + g - p*g**3. Determine h(-3).
1
Let c(j) = -j. Let v be (1 - 0/4)*-1*6. Let y(l) = 4*l - 6. Let s(x) = v*c(x) - y(x). Determine s(6).
18
Let b = 510 - 506. Let h(k) = -7*k**3 + 15*k**2 - 4*k - 8. Let x(z) = -10*z**3 + 22*z**2 - 6*z - 12. Let g(w) = 7*h(w) - 5*x(w). Determine g(b).
-4
Let r(p) = 454 - 219 + p - 223. Calculate r(-11).
1
Let m(u) = 8*u**3 + 12*u**2 - 23*u + 23. Let v(p) = -3*p**3 - 4*p**2 + 8*p - 8. Let j(d) = 4*m(d) + 11*v(d). Give j(5).
-41
Let f(t) = -t + 2. Suppose -3*k = -7*k - k. Suppose r + 9*h - 4*h - 10 = k, -5*h = -2*r - 25. Determine f(r).
7
Let d(y) be the first derivative of y - 1/3*y**3 + 3/2*y**4 + 3 - 1/2*y**2. Let l = -25 + 26. Determine d(l).
5
Let z = -47 + 85. Let s(m) = 5*m + z - 77 + 40. Calculate s(-1).
-4
Let h = -435 + 433. Let n(t) = -t**3 - 2*t**2 - 4*t - 3. Give n(h).
5
Let g(z) be the first derivative of -z**3/3 - 3*z + 164. Give g(0).
-3
Let p = 1769 - 1760. Let c(k) = -9*k + 74. Calculate c(p).
-7
Suppose r + 5*y - 45 = 6*r, 3*r - y + 35 = 0. Let x(f) = -f**3 - 13*f**2 + 2*f + 16. Determine x(r).
-10
Let q(i) = -i + 5*i**3 - 1 - i + 2*i**2 - 4*i**3. Let v(x) = 2*x**3 + x**2 - 2*x - 1. Let j(b) = 3*q(b) - 2*v(b). Calculate j(2).
3
Let z(f) = 5*f - 3. Let r(c) = -44*c + 26. Let m = -4 - -22. Let y = m - 24. Let q(p) = y*r(p) - 52*z(p). What is q(1)?
4
Suppose -3*k = -13*k + 2*k. Let b(h) = -4 - 4*h + k*h + 1 + 0. Determine b(-2).
5
Let m(i) = 3 - 6*i + 5*i**2 + 6 + i**3 - 2 - i + 3*i. Determine m(-6).
-5
Let v(f) = f**3 - 2*f**2 + 3*f - 3. Let q = 22 - 22. Suppose -8*c + 5*c + 6 = q. Give v(c).
3
Let a = 5 - 1. Let u(i) be the second derivative of i**4/6 - i**3 + 2*i**2 - 12*i. Give u(a).
12
Let t(y) = -y**3 - 6*y**2 - 3. Suppose 284*w - 303*w = 114. Determine t(w).
-3
Suppose 0 = 9*m + 9 - 81. Suppose -5*n - 6 = -m*n. Let c(u) be the third derivative of -u**6/120 - u**4/24 + u**3/6 + u**2. Calculate c(n).
-9
Let f(h) = 2*h - 4. Suppose 3*c = 3*g + 2*g - 136, -2*g + 62 = -5*c. Suppose g = -4*s + 74. Suppose -2*m - s = 2*m. Give f(m).
-10
Let n(g) be the first derivative of -g**2/2 + 9*g + 92. Give n(11).
-2
Let t be 0 - (-3 - (-2 + -1))*1. Suppose -4*c + 2 - 30 = t. Let f(s) = s**3 + 7*s**2 + 2*s - 10. Determine f(c).
-24
Let f(d) = -2*d**2 - d**3 + 2 - 5*d**2 - 6*d + 4. Suppose 0 = -g + 5*w + 19, -4*w - 11 + 3 = -2*g. Calculate f(g).
6
Let w(o) = 29 - o**2 + 3 - 35 - 10*o. Let j be 15/10*32/(-6). Calculate w(j).
13
Let r(h) = h - 4. Let j(y) = 11*y + 9. Let s be j(-6). Let g